{"id":1015,"date":"2021-09-14T17:48:05","date_gmt":"2021-09-21T14:43:29","guid":{"rendered":"https:\/\/www.danesi.ch\/newsite\/prodotto\/amaretti-monte-generoso\/"},"modified":"2021-09-21T16:43:41","modified_gmt":"2021-09-21T14:43:41","slug":"amaretti-monte-generoso","status":"publish","type":"product","link":"https:\/\/www.danesi.ch\/de\/prodotto\/amaretti-monte-generoso\/","title":{"rendered":"Amaretti Monte Generoso"},"content":{"rendered":"<p><strong>ZUTATEN:<\/strong><br \/>\nZucker,<strong> Mandeln<\/strong> ,<strong> Eiwei\u00df<\/strong> , Sorbitol&lt; E420&gt; , Bittere Mandeln. GANACHE:<strong> Creme<\/strong> , \u00dcberzug (Zucker, Kakaomasse, Kakaobutter,<strong> Magermilchpulver<\/strong> , Gerstenmalz Sojalecticin, nat\u00fcrliche Vanille) Amerikanischer Traubenbrand (min. 9%), Invertzucker,<strong> Butter<\/strong>&lt; handgefertigtes Produkt&gt;<\/p>\n","protected":false},"excerpt":{"rendered":"<p>ZUTATEN: Zucker, Mandeln , Eiwei\u00df , Sorbitol&lt; E420&gt; , Bittere Mandeln. GANACHE: Creme , \u00dcberzug (Zucker, Kakaomasse, Kakaobutter, Magermilchpulver , Gerstenmalz Sojalecticin, nat\u00fcrliche Vanille) Amerikanischer Traubenbrand (min. 9%), Invertzucker, Butter&lt; handgefertigtes Produkt&gt;<\/p>\n","protected":false},"featured_media":1016,"template":"","meta":[],"product_cat":[56],"product_tag":[],"class_list":{"0":"post-1015","1":"product","2":"type-product","3":"status-publish","4":"has-post-thumbnail","6":"product_cat-konditorei","8":"first","9":"instock","10":"shipping-taxable","11":"purchasable","12":"product-type-variable"},"_links":{"self":[{"href":"https:\/\/www.danesi.ch\/de\/wp-json\/wp\/v2\/product\/1015","targetHints":{"allow":["GET"]}}],"collection":[{"href":"https:\/\/www.danesi.ch\/de\/wp-json\/wp\/v2\/product"}],"about":[{"href":"https:\/\/www.danesi.ch\/de\/wp-json\/wp\/v2\/types\/product"}],"wp:featuredmedia":[{"embeddable":true,"href":"https:\/\/www.danesi.ch\/de\/wp-json\/wp\/v2\/media\/1016"}],"wp:attachment":[{"href":"https:\/\/www.danesi.ch\/de\/wp-json\/wp\/v2\/media?parent=1015"}],"wp:term":[{"taxonomy":"product_cat","embeddable":true,"href":"https:\/\/www.danesi.ch\/de\/wp-json\/wp\/v2\/product_cat?post=1015"},{"taxonomy":"product_tag","embeddable":true,"href":"https:\/\/www.danesi.ch\/de\/wp-json\/wp\/v2\/product_tag?post=1015"}],"curies":[{"name":"wp","href":"https:\/\/api.w.org\/{rel}","templated":true}]}}

<p><strong>ZUTATEN:</strong><br />
Zucker,<strong> Mandeln</strong> ,<strong> Eiweiß</strong> , Sorbitol&lt; E420&gt; , Bittere Mandeln. GANACHE:<strong> Creme</strong> , Überzug (Zucker, Kakaomasse, Kakaobutter,<strong> Magermilchpulver</strong> , Gerstenmalz Sojalecticin, natürliche Vanille) Amerikanischer Traubenbrand (min. 9%), Invertzucker,<strong> Butter</strong>&lt; handgefertigtes Produkt&gt;</p>

<p>ZUTATEN: Zucker, Mandeln , Eiweiß , Sorbitol&lt; E420&gt; , Bittere Mandeln. GANACHE: Creme , Überzug (Zucker, Kakaomasse, Kakaobutter, Magermilchpulver , Gerstenmalz Sojalecticin, natürliche Vanille) Amerikanischer Traubenbrand (min. 9%), Invertzucker, Butter&lt; handgefertigtes Produkt&gt;</p>
